hest common factor of s and 30?
30
Let x(n) = -838*n + 12 + 820*n - 1 + n**2. Let t be x(22). Calculate the greatest common divisor of 11 and t.
11
Let x be -2*((-40 - -4) + 4). Suppose -20 = -2*d + 12. Calculate the highest common divisor of x and d.
16
Let t = 172 - 113. Suppose -j + 0*j = 2*w - 97, 4*j + 102 = 2*w. Let d = w + t. What is the greatest common factor of 12 and d?
12
Let f(g) = 2*g**2 + 7*g - 18. Let k be f(3). What is the greatest common divisor of 14 and k?
7
Suppose 24*o - 36*o + 144 = 0. What is the greatest common factor of 66 and o?
6
Let q be ((-144)/(-60))/(12/(-400))*-4. What is the greatest common factor of q and 400?
80
Let w be 439/(-9)*-1 - (-6)/27. Let c = 8 + w. What is the greatest common divisor of c and 19?
19
Let z = -88 - -77. Let o(h) = -10*h - 38. Let j be o(z). What is the greatest common divisor of j and 180?
36
Let y = 38 + -40. Let u(s) = 219*s - 1. Let r be u(-3). Let w be y/(-12) + r/(-12). What is the greatest common divisor of w and 5?
5
Suppose -11*h + 1120 = 17*h. What is the greatest common divisor of 100 and h?
20
Let n(j) = j**3 + 5*j - 4. Let y be n(4). Let o(b) = -5*b + 110. Let r be o(14). Calculate the greatest common divisor of r and y.
40
Let m = -1203 - -1541. What is the highest common divisor of m and 130?
26
Let s(t) = -2*t**2 + 4*t + t**3 + 5 - 7*t - 2*t**3. Let n(h) = h - 10. Let c be n(5). Let x be s(c). What is the greatest common divisor of 38 and x?
19
Let r be (3 - 0 - -2) + -2. Let q be 9 + (r + 1)/(-2). Suppose -6*n = -q*n + 4. Calculate the greatest common factor of n and 16.
4
Suppose 4*i + 0*d + 4 = -d, 20 = 4*i - 5*d. Let s be -3 - i - (-4 - 5). Suppose -s*p + 2*p = -144. Calculate the highest common divisor of 24 and p.
12
Suppose -28 = -6*g + 8. Let l = 2 + 2. Suppose -5*b - 3*s + 123 = 0, l*b + s - 10 - 87 = 0. What is the highest common factor of b and g?
6
Let k be 266/(7 + 0) + 3. What is the highest common factor of 2501 and k?
41
Let w = 63 + -60. Let t be (-18)/(-2) + w + -6 - -3. Suppose 7 - 106 = -v. What is the greatest common divisor of v and t?
9
Let g be 160/(-9) + (-8)/36. Let d be -2 - g/(-2)*-8. Suppose -5*u + 3*i + 134 = 0, -5*u - 3*i - i + 148 = 0. Calculate the greatest common divisor of u and d.
14
Suppose -29 = 5*r - 24, 0 = -3*p + 3*r + 6. What is the greatest common divisor of p and 5?
1
Suppose 208*o - 233*o = -600. Let f = 509 + -317. Calculate the highest common factor of o and f.
24
Let y(v) = 393*v - 519. Let n be y(3). What is the highest common factor of n and 20?
20
Let g(n) = 24*n**2 - 6*n - 10. Let z be g(-2). Suppose -100*q + z*q + 512 = 0. What is the greatest common factor of q and 64?
64
Let y be (120/32)/((-1)/(-8) - 0). Calculate the highest common divisor of y and 885.
15
Let w be (1/((-18)/(-2604)))/(1/3). Calculate the greatest common divisor of 31 and w.
31
Suppose -3 = 3*n, -3*v + 5*v - 3*n = 13. What is the highest common divisor of 55 and v?
5
Let x be 1*-189*(-161)/69. Let o(c) = -c**3 - 2*c**2 + 2*c - 2. Let z be o(-5). What is the greatest common divisor of x and z?
63
Let m(j) = 40*j + 1138. Let b be m(-28). Suppose 5*i + y - 6 = 0, 2*y = -i + 6*y + 18. What is the greatest common divisor of b and i?
2
Suppose -37 = -4*l + 35. Let h be ((-16)/(-28))/((-8)/(-28)). Suppose -8*f + h*f = -216. Calculate the highest common divisor of l and f.
18
Let k be (-25)/(-4) - -11*8/(-352). Let p = 186 - 120. Calculate the highest common divisor of k and p.
6
Suppose 0 = 2*v - 30*a + 29*a - 109, -2*a = 2*v - 124. What is the highest common factor of 57 and v?
57
Let p be 2/13 + 4/(104/22). Let n be (p/2*-2)/(4 + -5). Let b = -1 - -5. Calculate the highest common factor of n and b.
1
Let v = -1776 - -1902. Let i = -20 + 38. Calculate the greatest common divisor of i and v.
18
Suppose -4*w + 334 = -626. Calculate the greatest common divisor of 30 and w.
30
Let h be ((-6)/(-4))/((-99)/(-8) + -12). Let m = -9 - -13. What is the greatest common factor of m and h?
4
Suppose 0 = 9*c + 37 + 35. Let l be 201/3 + c/2. What is the greatest common divisor of l and 18?
9
Suppose 5*g + m = 101, -6*g + 5*m + 75 = -2*g. Suppose -2*w + 63 = 3*p, -5*p + g = -4*w + 179. Calculate the highest common divisor of w and 45.
9
Suppose 0 = -0*c - 3*c + m + 83, -3*m = 5*c - 143. Suppose -z - 43 = -0*z. Let f = z - -71. Calculate the greatest common factor of f and c.
28
Let l be 13/((-26)/(-12))*40. Let o be (-49)/(-2) + (-2)/4. What is the highest common divisor of o and l?
24
Suppose 151 + 24 = s + 5*o, 780 = 4*s + 4*o. Let m = -116 + s. What is the highest common divisor of 126 and m?
42
Let c be (40/16)/((-20)/(-592)). Calculate the highest common divisor of 629 and c.
37
Let v(c) = -c**2 + 23*c - 3. Let y be v(20). What is the greatest common factor of y and 152?
19
Suppose -5*z - 1607 = -1762. What is the highest common divisor of z and 1?
1
Suppose 28*i = 999 - 327. Suppose 3*c + 99 = -g, 0 = -3*g + 2*c - c - 287. Let j = -36 - g. Calculate the greatest common factor of j and i.
12
Suppose -i + 5*j = 3*i - 40, 4*i - 64 = -j. Suppose -i*q = -18*q + 858. Calculate the greatest common divisor of q and 26.
26
Let x be (1/((-4)/(-6)))/(51/68). Let j = 5 + x. Calculate the highest common factor of 14 and j.
7
Let s be (550/(-75))/((-2)/12). Let g = s + -34. Let t = 41 - -49. What is the greatest common divisor of g and t?
10
Let o = 1535 - 1060. What is the greatest common divisor of o and 19?
19
Suppose -204 = 81*n - 84*n + 5*h, 0 = n + h - 60. What is the greatest common divisor of 693 and n?
63
Let h = 44 - -16. Let i(k) = -k + 38. Let l be i(-7). Calculate the highest common factor of l and h.
15
Suppose 0 = -5*l + 13 + 17. Suppose 760 = l*r - 2*r. Let o be ((-36)/15)/6*-190. Calculate the greatest common divisor of r and o.
38
Let l(x) = -2*x - 16. Let s be l(13). Let q = s + 50. Calculate the greatest common factor of 16 and q.
8
Let r = -11 - -88. Let k = 59 - 39. Suppose -6*z = -22 - k. Calculate the highest common divisor of z and r.
7
Let x = 10 + -26. Suppose -23 + 7 = -8*i. Let s be (-1096)/x - (-3)/i. What is the greatest common divisor of s and 28?
14
Let u(g) = -g**2 - 17*g - 38. Let l be u(-4). Calculate the highest common divisor of 910 and l.
14
Let b = -4 - -6. Suppose 0*s = -j + b*s + 64, -20 = 4*s. Suppose 39*n - 72 = 35*n. What is the highest common factor of n and j?
18
Let v be (-4)/6*-3 + -43. Let g = v + 61. Let a be (5 - (-3 + 4)) + 0. What is the greatest common factor of g and a?
4
Let w(u) = 305*u**3 + u**2 - 17*u + 16. Let p be w(1). Calculate the greatest common factor of p and 61.
61
Let o(h) = -h**3 - 9*h**2 - 6*h - 26. Let a be o(-9). What is the highest common factor of 7 and a?
7
Let h(l) = 14*l + 70*l + 87*l. Let b be h(2). What is the highest common factor of b and 38?
38
Let x(t) = t**2 - 2*t + 3. Let v be x(5). Let f = v - 19. Let b be f*(4 + -2) + 98. Calculate the greatest common factor of b and 12.
12
Suppose -14*q = -368 + 60. What is the highest common divisor of 77 and q?
11
Let i = 63 - 45. Suppose -4*t = 3*k - 123 - i, t - 3*k = 39. Let s(h) = h**2 - h - 3. Let x be s(-3). What is the greatest common divisor of t and x?
9
Suppose -m + 4*m - 21 = 0. Suppose 0 = -3*n - 17 + 20. What is the highest common divisor of m and n?
1
Let o be -1 - (1 + 0) - 5. Let r(d) = d**2 + 5*d + 10. Let z be r(o). Suppose 2*b - 9 = -3. What is the greatest common divisor of b and z?
3
Let y(c) = c**3 - 56*c**2 + 205*c + 179. Let k be y(52). Let b be 4/(-18) + 2279/9. What is the greatest common factor of k and b?
23
Suppose 2*c - 8 = 0, -c + 2*c + 731 = 5*b. Suppose 15*k + 225 = 540. What is the greatest common divisor of b and k?
21
Let o = -1 + 3. Suppose i = -o*z + 71, 3*z - 6*z + 299 = 4*i. Let m be -1 - (2 - i)/3. Calculate the highest common divisor of m and 60.
12
Let a be (-92)/(-6) + (-5)/15. Let d = a + -10. Let y be (1 + 4)*9*1. Calculate the highest common factor of d and y.
5
Let y(s) be the first derivative of 3*s**2/2 + 27*s + 1. Let v be y(12). What is the greatest common factor of v and 21?
21
Let c(r) = -r**3 + 8*r**2 - 4*r - 16. Let a be c(5). Let w be (0 - 2)/(10/(-65)). Calculate the highest common divisor of w and a.
13
Let m = -7 - 9. Let t = m - -48. What is the greatest common divisor of t and 64?
32
Let